906 a multiple of 23?
True
Is 154 a factor of 109750?
False
Is 341 a factor of 821767?
False
Is 273 a factor of 45822?
False
Does 50 divide 1445413?
False
Is 23 a factor of 7163484?
False
Is 46 a factor of 274420?
False
Is 369 a factor of 345015?
True
Is 119 a factor of 772739?
False
Is 114 a factor of 146148?
True
Is 29962 a multiple of 27?
False
Is 132 a factor of 200508?
True
Is 3 a factor of 84840?
True
Is 1403787 a multiple of 59?
True
Is 12 a factor of 6728920?
False
Does 21 divide 23362?
False
Does 40 divide 2680?
True
Does 11 divide 543400?
True
Does 98 divide 303702?
True
Is 78939 a multiple of 49?
True
Is 20 a factor of 917029?
False
Does 682 divide 7985453?
False
Does 11 divide 2484802?
False
Does 226 divide 66670?
True
Is 177156 a multiple of 15?
False
Does 6 divide 33390?
True
Is 8 a factor of 1169092?
False
Is 3795264 a multiple of 518?
False
Does 10 divide 7108578?
False
Is 13 a factor of 135124?
False
Does 400 divide 46926?
False
Is 5381068 a multiple of 14?
True
Is 426360 a multiple of 380?
True
Does 11 divide 2350920?
True
Does 486 divide 202662?
True
Is 3302515 a multiple of 8?
False
Does 99 divide 10109979?
True
Is 835 a factor of 1673340?
True
Does 11 divide 47399?
True
Does 10 divide 6436102?
False
Is 515602 a multiple of 23?
False
Is 731 a factor of 3125025?
True
Is 264080 a multiple of 40?
True
Is 1057589 a multiple of 14?
False
Is 76 a factor of 26524?
True
Does 11 divide 276085?
False
Does 219 divide 1615349?
False
Is 121 a factor of 527715?
False
Does 285 divide 3773585?
False
Is 230105 a multiple of 13?
False
Is 8 a factor of 9112584?
True
Is 2685475 a multiple of 315?
False
Is 10016160 a multiple of 1848?
True
Is 227584 a multiple of 14?
True
Does 26 divide 180176?
False
Does 14 divide 5652481?
False
Is 336877 a multiple of 5?
False
Is 147960 a multiple of 20?
True
Is 2767296 a multiple of 232?
True
Is 36729 a multiple of 77?
True
Is 73 a factor of 5563080?
False
Is 59413 a multiple of 4?
False
Does 20 divide 428694?
False
Is 23 a factor of 179147?
True
Does 645 divide 2743408?
False
Does 393 divide 13310517?
True
Is 279 a factor of 94860?
True
Is 174 a factor of 6772254?
True
Is 18 a factor of 390024?
True
Is 5149 a multiple of 19?
True
Is 21 a factor of 23142?
True
Is 179 a factor of 1863618?
False
Is 5923 a multiple of 3?
False
Does 367 divide 74704?
False
Is 573 a factor of 2780769?
True
Is 13 a factor of 3159676?
True
Is 9348049 a multiple of 3?
False
Is 164 a factor of 125788?
True
Is 90 a factor of 1818270?
True
Is 31920 a multiple of 280?
True
Is 12 a factor of 1880317?
False
Is 13311309 a multiple of 199?
True
Does 35 divide 244440?
True
Does 7 divide 4493825?
True
Is 272958 a multiple of 402?
True
Does 245 divide 27195?
True
Is 1263705 a multiple of 250?
False
Is 257617 a multiple of 73?
True
Is 39 a factor of 266921?
False
Is 567739 a multiple of 71?
False
Is 675040 a multiple of 15?
False
Is 68 a factor of 96009?
False
Is 468 a factor of 137032?
False
Does 595 divide 422651?
False
Is 86 a factor of 125302?
True
Is 514 a factor of 10814344?
False
Does 85 divide 34085?
True
Does 7 divide 6417567?
False
Is 651854 even?
True
Does 133 divide 75219?
False
Does 181 divide 15928?
True
Is 8 a factor of 4219560?
True
Is 14 a factor of 148064?
True
Is 395097 a multiple of 642?
False
Is 391879 a multiple of 12?
False
Is 939304 a multiple of 8?
True
Does 4 divide 191379?
False
Is 6 a factor of 35058?
True
Is 10558228 a multiple of 31?
True
Is 12905898 a multiple of 14?
False
Does 667 divide 1019025?
False
Is 28220224 a multiple of 32?
True
Is 14 a factor of 289149?
False
Is 86239 a multiple of 14?
False
Is 2646500 a multiple of 158?
True
Is 8 a factor of 166696?
True
Is 308 a factor of 2047530?
False
Does 4 divide 516097?
False
Is 4866025 a multiple of 59?
True
Is 17 a factor of 1221263?
True
Does 752 divide 3254656?
True
Does 138 divide 58788?
True
Is 81 a factor of 970380?
True
Is 15 a factor of 549180?
True
Is 1316 a factor of 9742428?
False
Does 391 divide 9854373?
True
Is 2071654 a multiple of 26?
True
Is 140285 a multiple of 4?
False
Does 110 divide 37439?
False
Is 456800 a multiple of 50?
True
Does 1171 divide 2183915?
True
Is 167 a factor of 517532?
False
Is 191 a factor of 2279795?
False
Is 451 a factor of 624184?
True
Is 29 a factor of 3723176?
False
Is 291060 a multiple of 231?
True
Does 242 divide 4180066?
True
Is 401004 a multiple of 29?
False
Is 1205400 a multiple of 22?
False
Is 38174 a multiple of 10?
False
Is 27778 a multiple of 34?
True
Is 15 a factor of 2150565?
True
Does 100 divide 3197500?
True
Is 23 a factor of 19021?
True
Is 104 a factor of 58448?
True
Is 93 a factor of 1787739?
True
Is 733360 a multiple of 12?
False
Does 31 divide 939706?
False
Is 3726301 a multiple of 11?
False
Does 6 divide 104455?
False
Does 10 divide 5252060?
True
Is 596 a factor of 3437626?
False
Is 2533146 a multiple of 21?
True
Is 1854900 a multiple of 100?
True
Is 485 a factor of 6873905?
True
Does 55 divide 269115?
True
Does 95 divide 2431335?
True
Is 469 a factor of 245124?
False
Is 22 a factor of 5892062?
True
Does 604 divide 1715964?
True
Is 107 a factor of 10499375?
True
Is 93 a factor of 245427?
True
Is 233 a factor of 131878?
True
Is 27 a factor of 2027195?
False
Is 3 a factor of 53471?
False
Is 201 a factor of 12484128?
False
Does 455 divide 2085265?
True
Is 5 a factor of 62843?
False
Is 3291444 a multiple of 52?
True
Is 5039847 a multiple of 1085?
False
Is 2673153 a multiple of 21?
True
Is 8588033 a multiple of 12?
False
Is 29 a factor of 1502171?
True
Is 3973 a multiple of 138?
False
Does 605 divide 337590?
True
Is 29 a factor of 3172614?
False
Does 61 divide 434076?
True
Does 84 divide 290052?
True
Does 52 divide 257868?
True
Is 911 a factor of 1308407?
False
Is 104898 a multiple of 47?
False
Does 15 divide 399810?
True
Does 178 divide 40210?
False
Is 83 a factor of 86818?
True
Is 688214 a multiple of 60?
False
Does 158 divide 365775?
False
Does 515 divide 2240250?
True
Is 253 a factor of 968484?
True
Is 8 a factor of 1298944?
True
Does 5 divide 977525?
True
Is 11 a factor of 1026796?
False
Is 1481769 a multiple of 1017?
True
Is 2301003 a multiple of 215?
False
Is 6141715 a multiple of 91?
False
Is 84911 a multiple of 109?
True
Does 136 divide 457049?
False
Does 299 divide 8303823?
False
Is 1689293 a multiple of 591?
False
Is 93772 a multiple of 59?
False
Is 99288 a multiple of 394?
True
Is 85654 a multiple of 8?
False
Is 6 a factor of 336?
True
Does 63 divide 2973159?
True
Is 9504 a multiple of 30?
False
Is 1202 a factor of 11496055?
False
Is 13 a factor of 3083418?
True
Is 151 a factor of 901319?
True
Is 11 a factor of 66627?
True
Is 8 a factor of 8316?
False
Does 45 divide 7809420?
False
Does 65 divide 19782555?
True
Is 122494 a multiple of 73?
True
Is 1221 a factor of 4133168?
False
Is 3334112 a multiple of 64?
False
Is 302543 a multiple of 7?
False
Is 596 a factor of 6502360?
True
Is 89 a factor of 1464406?
True
Is 6614 a multiple of 320?
False
Is 42216 a multiple of 12?
True
Does 534 divide 3548430?
True
Does 596 divide 159200?
False
Is 74 a factor of 129410?
False
Does 6 divide 33960?
True
Is 12 a factor of 154780?
False
Is 92052 a multiple of 4?
True
Is 452151 a multiple of 415?
False
Is 1266154 a multiple of 721?
False
Does 10 divide 11635922?
False
Is 8 a factor of 1860497?
False
Is 124 a factor of 575856?
True
Does 153 divide 386019?
True
Is 21 a factor of 246435?
True
Is 476239 a multiple of 13?
False
Is 1383312 a multiple of 24?
True
Does 27 divide 904061?
False
Is 2 a factor of 1164487?
False
Does 40 divide 12040?
True
Is 13857228 a multiple of 84?
True
Is 15 a factor of 1297995?
True
Is 3711507 a multiple of 857?
False
Is 28 a factor of 29176?
True
Is 1328523 a multiple of 41?
True
Does 44 divide 8756?
True
Is 92822 a multiple of 20?
False
Is 254 a factor of 91694?
True
Does 6 divide 30852?
True
Is 15 a factor of 202695?
True
Is 9190435 a multiple of 499?
False
Does 148 divide 10247224?
True
Is 28089287 a multiple of 2767?
False
Is 284 a factor of 3359436?
True
Is 86150 a multiple of 6?
False
Is 13 a factor of 11271?
True
Is 3464537 a multiple of 65?
False
Does 43 divide 164432?
True
Is 23 a factor of 182183?
True
Is 144 a factor of 4808421?
False
Does 77 divide 80003?
True
Is 508880 a m